hat is the remainder when 342 is divided by h?
42
Suppose -3*l - 4*u + 60 = 20, 0 = l + 2*u - 12. Calculate the remainder when (-1)/3*-1 - 925/(-15) is divided by l.
14
Suppose 4*n - 5*r + 4*r - 78 = 0, n = -4*r + 11. Calculate the remainder when 335 is divided by n.
12
Suppose 0 = -4*u - 0*u + 1996. Calculate the remainder when u is divided by 6.
1
Calculate the remainder when 2145/26 - 6/(-4) is divided by 25.
9
Suppose 0 = 5*g + 561 - 596. Let l = 8 - 3. Suppose -3 = -6*n + l*n. What is the remainder when g is divided by n?
1
Suppose 270 = 3*c + 2*l, 5*l - 353 = 2*c - 6*c. What is the remainder when 262 is divided by c?
78
Let o = 33 - 28. Suppose 0 = -3*r + 1 + o. Suppose -2*u - r*w = -2, -w - 26 = -5*u + 9. What is the remainder when 22 is divided by u?
4
Let s(w) = -7*w**3 + 4*w**2 + 9*w + 3. Let u(i) = -6*i**3 + 4*i**2 + 8*i + 3. Let j(t) = -5*s(t) + 6*u(t). Calculate the remainder when 41 is divided by j(3).
20
Suppose -1886*q + 55 = -1881*q. Suppose -82 - 11 = -3*a. What is the remainder when a is divided by q?
9
Let b = -298 + 391. What is the remainder when b is divided by 30?
3
Suppose 4*v + 1603 = 3*n - 601, -3*n + 2212 = -2*v. Suppose 5*o + 2*x - n = -3*x, -12 = 3*x. Calculate the remainder when o is divided by 14.
12
Let q(h) = h - 13. Let k be q(15). Let t(z) = -z + 1. Let l(f) = 6*f - 9. Let g(v) = k*t(v) + l(v). What is the remainder when 62 is divided by g(7)?
20
Let j = 19 - 18. Let r be ((-9)/3 - -35)*j. Suppose 17 = a - r. What is the remainder when a is divided by 10?
9
What is the remainder when 198 is divided by (7 - (-30)/(-6))*4?
6
Suppose 9*l - 679 + 562 = 0. Calculate the remainder when 323 is divided by l.
11
Let n(y) = y**3 - 4*y**2 - y + 7. Suppose k + 0 - 3 = 0. Suppose 0 = -2*f + h - 3*h + 34, k*h = 5*f - 69. What is the remainder when n(5) is divided by f?
12
Suppose -p = 34*z - 36*z - 95, -257 = -3*p - z. What is the remainder when 169 is divided by p?
82
Let k = 1375 + -1363. Let j(b) = 3*b**2 + b + 3. Calculate the remainder when j(-4) is divided by k.
11
Calculate the remainder when 141 is divided by 102*(3 + 15/(-6)).
39
Suppose 5*m = 15, 4*m + 95 + 91 = 2*p. Let a be (-53)/(-11) - (-18)/p. Suppose 4 = -4*b + a*b. What is the remainder when 7 is divided by b?
3
Suppose -44*j + 38*j = -294. Calculate the remainder when j is divided by 13.
10
Suppose -10*r + 219 - 29 = 0. What is the remainder when 284 is divided by r?
18
Let a(v) = -3*v + 9. Let c be a(16). Let j = c - -55. Suppose -3*t - 5*q + 87 = 0, -t - 5*q = t - 58. Calculate the remainder when t is divided by j.
13
Let m(r) be the third derivative of r**4/6 - 5*r**3/3 - 2*r**2. Suppose -g + 134 = 5*o, 5*o - 4*g - 62 = 2*o. Calculate the remainder when o is divided by m(6).
12
Let a(r) = 2*r**2 + 7*r + 11. Suppose -32*s = -33*s - 5. Calculate the remainder when a(s) is divided by 9.
8
Let u be 4*(1 - 36/8). Let b = u - -12. What is the remainder when 98 is divided by (3 - 4)/(b/40)?
18
Suppose 54 = -c + 4*c. Let n be (-3)/(-2*(-3)/(-8)). Suppose -n*z - c = -6*z. What is the remainder when z is divided by 5?
4
Suppose -3*c + 0*c + 39 = 0. Let n(t) = 4*t + 8. What is the remainder when n(c) is divided by 118/6 - ((-40)/12 - -2)?
18
Suppose 0 = b + 3*b. Suppose b = n - 17. Calculate the remainder when 48 is divided by n.
14
Suppose -24*b + 2294 = 7*b. What is the remainder when b is divided by 4?
2
Calculate the remainder when 354 is divided by ((-39)/(-2) - 16)/(2/68).
116
Let u = -227 + 254. What is the remainder when 78 is divided by u?
24
Let k = -30 - -3. Calculate the remainder when (-4068)/k + (-2)/(-6) is divided by 38.
37
Let t be (96/18 + -5)*549. Suppose -3*s + t = -57. What is the remainder when s is divided by 21?
17
Suppose -4*n - 11 = v - 3, v = -n + 7. Suppose -9 + 0 = 3*g. Let d = g + v. Calculate the remainder when 16 is divided by d.
7
Let m = 132 - 110. Calculate the remainder when 80 is divided by m.
14
Let g = 40 - 26. Suppose 19*b - 95 = g*b. Calculate the remainder when b is divided by 5.
4
Let s = -195 + 210. Suppose 0 = -k - 13 + 70. What is the remainder when k is divided by s?
12
Suppose -44 = 4*o - 5*u, 0*o = 3*o + 2*u + 33. Let g = o + 21. What is the remainder when 37 is divided by g?
7
Let l be 2/(-7) - 1025/(-35). Suppose -3*u - u = 3*f - 71, -2*u + l = -5*f. Calculate the remainder when 66 is divided by u.
15
Calculate the remainder when 116 is divided by (0 + 1)/((-17)/(-4199)*13).
2
Let b(c) = -c**2 + 74*c - 77. Calculate the remainder when b(13) is divided by 103.
98
Calculate the remainder when 99 is divided by 17408/576 + (-2)/9.
9
Suppose 12*h - 855 + 75 = 0. What is the remainder when h is divided by 24?
17
Let z = 7 + -21. Let g = -22 - 2. Let l = z - g. What is the remainder when 28 is divided by l?
8
Let y = 24 + -23. Calculate the remainder when y/1*(20 - 1) is divided by 10.
9
Let v(t) = -t**3 - 8*t**2 - 7*t - 2. Let x be 1/(0 + (-1)/7). Let d be v(x). Let q(z) = 2*z**2 - 3*z - 3. Calculate the remainder when q(d) is divided by 6.
5
Let u(x) = -3*x - x**3 - 3 + x**2 + 1 + 3*x**2. Let p be u(2). Suppose -f + 3 + 3 = p. Calculate the remainder when 10 is divided by f.
4
Let d(r) = -r**2 + 6*r + 1. Let k = -1 - -36. Suppose 10 = 4*w - 0*o - 2*o, -5*w = 2*o - k. What is the remainder when 11 is divided by d(w)?
5
Suppose 16 = 2*p + 5*f, 18 = -6*p + 3*p + 3*f. Suppose n + 5*d - 14 = 0, 0*n - 3*d + 180 = 5*n. What is the remainder when n is divided by 1/p*2 - -22?
18
Let g(l) = l**2 + 7*l - 157. Suppose 0 = -2*v + 2*j + 134 - 16, 2*v = 4*j + 108. Calculate the remainder when v is divided by g(10).
12
Let p(n) = n**3 - n**2 + n + 26. Let z be p(0). Let m = z + -4. Calculate the remainder when 84 is divided by m.
18
Let j(i) = i - 8. Let n be j(10). Calculate the remainder when (-7)/7*n*-14 is divided by (2 + -6 + 2)*-5.
8
Suppose -4*b - 3*m - 37 = 3, -5*b = 5*m + 50. Let k = b - -25. What is the remainder when 43 is divided by k?
13
Let x(s) = 2*s**2 - 15*s - 3. Let d be x(8). What is the remainder when 17/3 + d + 68/(-12) is divided by 5?
0
Let y(s) = -s + 9. Let c = 0 + 0. Suppose -21 = -r + m, 19*r - 15*r - 3*m = 89. What is the remainder when r is divided by y(c)?
8
Suppose 16*t + 613 = 21*t + 2*m, 5*t - m - 601 = 0. What is the remainder when 2177 is divided by t?
120
Suppose -8*f = -3*f + 75. Let x = f - -42. Suppose x = -2*o + 3*o. Calculate the remainder when o is divided by 10.
7
Let f = 1023 - 1013. What is the remainder when 32 is divided by f?
2
Let f(z) = -z**3 + 8*z**2 + 3*z - 5. Suppose -6*n = n - 35. Calculate the remainder when f(n) is divided by 29.
27
Let i(z) = 149*z**2 + 4*z - 3. Let w be i(1). Calculate the remainder when 45 is divided by ((-4)/10)/((55/w)/(-11)).
9
Let d be (1/2)/(29/406). Suppose -3*h - 2*v + d = 0, 4*v + 1 = -15. Calculate the remainder when h is divided by 2.
1
Suppose -3*i = -182 + 599. Let m = 218 + i. What is the remainder when m is divided by 20?
19
Let q = -1 + 3. Let r = 23 - q. Calculate the remainder when 40 is divided by r.
19
Let q be (2/6)/((-3)/639). Let w = q + 86. Suppose -r + 4*s = -22, -3*r = -0*s + 3*s - 6. Calculate the remainder when w is divided by r.
3
Suppose 0 = -4*l + u + 783, 18*u - 186 = -l + 15*u. Calculate the remainder when l is divided by -1*(-16 - 1) + 1.
15
Let u(s) = 12*s**2 + s + 1. Suppose 4*f = b - 26, -4*b - 6*f + 3*f = -180. Let q be (1/(-3))/((-7)/b). Calculate the remainder when u(q) is divided by 13.
12
Let o = 18 - 9. Suppose -4*x = -17 - 3. Suppose 72 = -x*a + 282. Calculate the remainder when a is divided by o.
6
Suppose 2*d - 25 = 7*d, -3*k - 4*d - 8 = 0. Suppose k*p = 6 + 70. What is the remainder when p is divided by 11?
8
Let c = -69 - -89. Suppose 149 + 136 = 5*j. What is the remainder when j is divided by c?
17
Let g = 281 - 227. Calculate the remainder when 159 is divided by g.
51
Let s be (148/((-16)/(-4)))/(-1). Let m = -25 - s. Calculate the remainder when m + 2/((-8)/4) is divided by 3.
2
Let b = 18 - 11. Let l = -27 - -30. Suppose 24 = 3*c - 3*g + 6*g, l*g = 15. Calculate the remainder when b is divided by c.
1
Let b(i) = i**3 - 4*i**2 + 4*i + 28. Calculate the remainder when b(5) is divided by 34.
5
Let b = -14 + 90. Suppose -5*m + m = -b. What is the remainder when m is divided by 11?
8
Suppose 2*w + 3*k - 39 =